338831 composite?
False
Is 23134337 a composite number?
True
Is 91083709 prime?
True
Is 11078939 prime?
False
Is 13761997 a composite number?
True
Is 57653219 a prime number?
False
Is 843881 prime?
True
Is 30784583 composite?
False
Is 4491401 composite?
False
Is 49495447 composite?
False
Is 80439 a composite number?
True
Is 2848317 a composite number?
True
Is 438655531 prime?
True
Is 1316977 composite?
True
Is 3879509 a composite number?
False
Is 291133 a prime number?
False
Is 130239103 prime?
False
Is 1557326 a composite number?
True
Is 2462479 a prime number?
True
Is 31056239 a composite number?
False
Is 1163312935 prime?
False
Is 5968933 a prime number?
False
Is 3205677 prime?
False
Is 33502951 prime?
False
Is 220140511 a composite number?
False
Is 638303 prime?
True
Is 7037353 prime?
False
Is 35464271 composite?
False
Is 2268647 a prime number?
True
Is 35312189 prime?
False
Is 49143581 prime?
True
Is 70471 prime?
False
Is 16554781 a composite number?
True
Is 17651537 a prime number?
False
Is 98985457 composite?
False
Is 1552427 a prime number?
False
Is 28305219 prime?
False
Is 13453877 a composite number?
False
Is 49213 prime?
False
Is 211052723 prime?
False
Is 1167449 a composite number?
False
Is 7795637 composite?
False
Is 199309 prime?
False
Is 7405361 composite?
False
Is 27150547 prime?
False
Is 32454833 a prime number?
False
Is 5155071 prime?
False
Is 86329541 a composite number?
True
Is 858673 prime?
True
Is 1072919 a composite number?
False
Is 9776761 a composite number?
False
Is 42399679 composite?
True
Is 858749 composite?
False
Is 361148873 prime?
False
Is 348181 a composite number?
False
Is 11229947 a prime number?
True
Is 15715847 prime?
False
Is 41433269 composite?
True
Is 35716003 a prime number?
True
Is 40079129 a prime number?
True
Is 2691401 composite?
False
Is 95591191 prime?
False
Is 20039559 prime?
False
Is 18132467 a prime number?
True
Is 2296781 a prime number?
True
Is 44397697 a prime number?
True
Is 363291721 a prime number?
False
Is 78499807 a composite number?
True
Is 1567541 prime?
True
Is 44661631 prime?
False
Is 23251993 a composite number?
False
Is 79641493 composite?
True
Is 15585803 prime?
False
Is 4587431 prime?
True
Is 119300597 a composite number?
True
Is 17994199 a prime number?
True
Is 29826263 a prime number?
True
Is 70045243 composite?
True
Is 177913121 composite?
True
Is 8817389 composite?
True
Is 733394 composite?
True
Is 1749758 a composite number?
True
Is 18760349 prime?
True
Is 509796097 a prime number?
True
Is 96484709 prime?
False
Is 398970209 a prime number?
False
Is 63753409 prime?
True
Is 629567 a prime number?
True
Is 62040851 a composite number?
False
Is 65517481 a prime number?
True
Is 338321899 a composite number?
True
Is 260268031 composite?
True
Is 4668329 a composite number?
True
Is 104528761 a composite number?
True
Is 11286185 prime?
False
Is 551251033 a composite number?
False
Is 16177817 a prime number?
True
Is 661601 a composite number?
True
Is 38501 composite?
False
Is 9438563 composite?
False
Is 3725809 a prime number?
True
Is 39228397 a prime number?
False
Is 48044207 a composite number?
True
Is 49354523 a composite number?
False
Is 804394 a composite number?
True
Is 1494719 a composite number?
False
Is 196961 composite?
False
Is 296750845 a prime number?
False
Is 239903 a composite number?
True
Is 1235968087 a prime number?
True
Is 3796777 composite?
False
Is 12480503 a composite number?
True
Is 3381493 composite?
False
Is 328373 a prime number?
True
Is 9979003 composite?
True
Is 6416617 composite?
True
Is 224531 composite?
True
Is 98688347 prime?
False
Is 102369791 a prime number?
True
Is 236351191 composite?
True
Is 490825019 composite?
False
Is 842321 prime?
True
Is 76414381 a prime number?
False
Is 4851809 a prime number?
True
Is 9596099 a prime number?
True
Is 1724315 a prime number?
False
Is 27503 a prime number?
False
Is 241907101 a prime number?
False
Is 72471317 a prime number?
True
Is 431755 prime?
False
Is 4578351 composite?
True
Is 2985287 prime?
True
Is 38967853 prime?
False
Is 127561235 a composite number?
True
Is 610873 composite?
True
Is 11483587 a composite number?
False
Is 167234189 prime?
True
Is 302053 a prime number?
True
Is 43732797 a prime number?
False
Is 108602707 a composite number?
True
Is 228350107 prime?
True
Is 18884533 composite?
True
Is 15646897 composite?
True
Is 27335389 composite?
True
Is 1235651 prime?
True
Is 16721059 composite?
True
Is 5469457 a prime number?
False
Is 47693179 composite?
False
Is 1310849 prime?
False
Is 73668773 a composite number?
False
Is 11519 prime?
True
Is 388321 a prime number?
False
Is 154163921 a composite number?
False
Is 1229663 composite?
False
Is 140095342 a composite number?
True
Is 6568817 a composite number?
True
Is 2504617 composite?
True
Is 360914681 composite?
False
Is 264740531 a composite number?
True
Is 6871583 composite?
False
Is 400705297 prime?
True
Is 207920491 a composite number?
False
Is 3523057 a prime number?
False
Is 1353281 composite?
False
Is 955781 a composite number?
False
Is 1302017 prime?
True
Is 55539381 composite?
True
Is 1842377 prime?
True
Is 579419 prime?
False
Is 423239315 prime?
False
Is 2745719 prime?
True
Is 19241609 a composite number?
False
Is 11719871 a prime number?
False
Is 554347 a prime number?
True
Is 92840959 a composite number?
False
Is 2812013 a composite number?
False
Is 14415377 a prime number?
False
Is 431647 a composite number?
True
Is 20464937 a composite number?
False
Is 811846949 a prime number?
True
Is 953941 a composite number?
False
Is 51431 a composite number?
False
Is 29369309 composite?
False
Is 52000979 prime?
True
Is 16332061 composite?
False
Is 22856815 a prime number?
False
Is 160579 composite?
False
Is 522721 composite?
True
Is 5409293 prime?
True
Is 414584851 a prime number?
True
Is 40044811 prime?
True
Is 15998221 composite?
False
Is 2662157 a composite number?
False
Is 6405331 composite?
False
Is 417254399 a composite number?
True
Is 85349613 a composite number?
True
Is 11307577 composite?
True
Is 26001031 composite?
True
Is 85036283 composite?
False
Is 5878237 composite?
True
Is 768093629 prime?
True
Is 19093337 prime?
True
Is 94225795 a prime number?
False
Is 2136959 prime?
False
Is 45197797 a composite number?
False
Is 2862707 a composite number?
True
Is 6083603 composite?
True
Is 65241219 a composite number?
True
Is 59747 composite?
False
Is 3661019 a prime number?
True
Is 138564749 a composite number?
False
Is 4953013 prime?
False
Is 3762217 a composite number?
True
Is 16139191 a composite number?
False
Is 96875951 composite?
False
Is 20639923 prime?
True
Is 69449681 a composite number?
True
Is 89051719 a prime number?
False
Is 4045589 prime?
False
Is 68211983 prime?
False
Is 1361819 composite?
True
Is 7607021 a prime number?
True
Is 2266395691 prime?
False
Is 367656223 a composite number?
True
Is 9502591 a prime number?
False
Is 4317121 prime?
True
Is 6805441 a composite number?
False
Is 34340981 composite?
False
Is 94362343 a composite number?
False
Is 596167651 a prime number?
True
Is 179075233 a prime number?
True
Is 20114333 a prime number?
False
Is 42500519 a composite number?
False
Is 8576791 prime?
True
Is 2393969 a composite number?
True
Is 111678911 a composite number?
False
Is 5706119 composite?
True
Is 28594889 a composite number?
True
Is 176134723 a composite number?
False
Is 2066219 composite?
False
Is 53643 prime?
False
Is 79941791 a composite number?
False
Is 10571815 prime?
False
Is 37075867 a composite number?
False
Is 595979 a prime number?
False
Is 86743927 prime?
False
Is 26780989 prime?
False
Is 985199 a composite number?
True
Is 105436153 a composite number?
True
Is 15650587 a prime number?
False
Is 4389409 a composite number?
True
Is 299390699 composite?
True
Is 2327027 a prime number?
True
Is 11303 composite?
True
Is 187304867 prime?
True
Is 10499089 a composite number?
False
Is 5365949 composite?
False
Is 9989549 prime?
False
Is 246836833 prime?
True
Is 988937 a composite number?
False
Is 33199337 prime?
True
Is 65402827 composite?
True
Is 2473309 composite?
False
Is 1713137 composite?
True
Is 9595559 a composite number?
False
Is 5736261 a prime number?
False
Is 9243197 a composite number?
False
Is 6139831 a p